{"id":11419,"date":"2016-12-05T16:29:56","date_gmt":"2016-12-05T16:29:56","guid":{"rendered":"https:\/\/nex.vamtam.com\/?page_id=11419"},"modified":"2024-12-20T09:15:00","modified_gmt":"2024-12-20T06:15:00","slug":"home","status":"publish","type":"page","link":"https:\/\/zamanplastik.com.tr\/","title":{"rendered":"Home"},"content":{"rendered":"<div class=\"vgblk-rw-wrapper limit-wrapper\">\n<h3>\n\tY\u00fcksek Kalite\n\t<\/h3>\n<h3>\n\tGaleri\n\t<\/h3>\n<h3>\n\tBelgeli ve Sertifikal\u0131 \u00dcretim\n\t<\/h3>\n\t<h2><strong>HAKKIMIZDA<\/strong><\/h2>\n<h5>2007 y\u0131l\u0131nda enerji alan\u0131nda ba\u015flayan i\u015f hayat\u0131m\u0131za 2012 y\u0131l\u0131nda in\u015faat sekt\u00f6r\u00fc ile devam ettik. Bu s\u00fcre\u00e7te in\u015faatlarda kullan\u0131lan elektrik borular\u0131n\u0131n kalite ve sa\u011fl\u0131k a\u00e7\u0131s\u0131ndan ortaya \u00e7\u0131kard\u0131\u011f\u0131 problemleri test ettik.<\/h5>\n\n<h5>Bu k\u0131r\u0131lmaz sa\u011fl\u0131k ve konfor standartlar\u0131n\u0131 g\u00f6z \u00f6n\u00fcnde bulundurarak plastik sekt\u00f6r\u00fcnde \u00fcretime ba\u015flad\u0131k. \u0130n\u015faatlarda kullan\u0131lan elektrik borular\u0131n\u0131n daha sa\u011fl\u0131kl\u0131 ve uzun \u00f6m\u00fcrl\u00fc olmas\u0131 ilkesini edinerek Batman OSB&#8217;de 4000 M2 kapal\u0131 toplam 8000 M2 alana sahip bir tesis kuruldu. Elektrik borusu ve \u00fcr\u00fcnleri yan\u0131nda kangal sulama ve p100 kangal sulama borular\u0131 \u00fcretimine kadar \u00e7e\u015fitlili\u011fi art\u0131rd\u0131k. Hem istikrarda hem de s\u00fcrd\u00fcr\u00fclen yerde bulunan kalite ve istikrar odakl\u0131 hizmet uygulamalar\u0131n\u0131 s\u00fcrd\u00fcr\u00fcyoruz.<\/h5>\n\t<h2><strong>KAL\u0130TE<\/strong><\/h2>\n\t<h5>Zaman Plastik Test Laboratuvar\u0131 10 y\u0131l\u0131 a\u015fk\u0131n s\u00fcrede edindi\u011fi bilgi birikimi ve konusunda tecr\u00fcbeli kadrosuyla elektrik muhafaza borular\u0131 ve ba\u011flant\u0131 kutular\u0131n\u0131 kapsayan testleri ilgili standartlara uygun olarak ve g\u00fcvenilir bir \u015fekilde yapmaktad\u0131r.<\/h5>\n\t<a href=\"\" target=\"_self\" role=\"button\">\n\t\t\t\t\tKalite Politikas\u0131\n\t<\/a>\n\t<h2>\u00d6NCEL\u0130\u011e\u0130M\u0130Z<br \/>\n<strong>\u00c7EVRE<\/strong><\/h2>\n\t<p>G\u00fcvenlik, ZAMAN PLAST\u0130K&#8217;in y\u00fcksek \u00f6nceliklerinden biridir. Herkesin kendi g\u00fcvenli\u011fini ve \u00e7evrelerindeki di\u011fer insanlar\u0131n g\u00fcvenli\u011fini sa\u011flamak i\u00e7in politikalar\u0131 ve y\u00f6nergeleri izlemesi zorunludur.<\/p>\n\n<\/div><!-- .vgblk-rw-wrapper -->","protected":false},"excerpt":{"rendered":"<p>Y\u00fcksek Kalite Galeri Belgeli ve Sertifikal\u0131 \u00dcretim HAKKIMIZDA 2007 y\u0131l\u0131nda enerji alan\u0131nda ba\u015flayan i\u015f hayat\u0131m\u0131za 2012 y\u0131l\u0131nda in\u015faat sekt\u00f6r\u00fc ile devam ettik. Bu s\u00fcre\u00e7te in\u015faatlarda kullan\u0131lan elektrik borular\u0131n\u0131n kalite ve sa\u011fl\u0131k a\u00e7\u0131s\u0131ndan ortaya \u00e7\u0131kard\u0131\u011f\u0131 problemleri test ettik. Bu k\u0131r\u0131lmaz sa\u011fl\u0131k ve konfor standartlar\u0131n\u0131 g\u00f6z \u00f6n\u00fcnde bulundurarak plastik sekt\u00f6r\u00fcnde \u00fcretime ba\u015flad\u0131k. \u0130n\u015faatlarda kullan\u0131lan elektrik borular\u0131n\u0131n daha&#8230;<\/p>\n","protected":false},"author":1,"featured_media":0,"parent":0,"menu_order":0,"comment_status":"closed","ping_status":"closed","template":"","meta":{"inline_featured_image":false,"footnotes":""},"class_list":["post-11419","page","type-page","status-publish","hentry"],"jetpack_sharing_enabled":true,"_links":{"self":[{"href":"https:\/\/zamanplastik.com.tr\/index.php\/wp-json\/wp\/v2\/pages\/11419","targetHints":{"allow":["GET"]}}],"collection":[{"href":"https:\/\/zamanplastik.com.tr\/index.php\/wp-json\/wp\/v2\/pages"}],"about":[{"href":"https:\/\/zamanplastik.com.tr\/index.php\/wp-json\/wp\/v2\/types\/page"}],"author":[{"embeddable":true,"href":"https:\/\/zamanplastik.com.tr\/index.php\/wp-json\/wp\/v2\/users\/1"}],"replies":[{"embeddable":true,"href":"https:\/\/zamanplastik.com.tr\/index.php\/wp-json\/wp\/v2\/comments?post=11419"}],"version-history":[{"count":19,"href":"https:\/\/zamanplastik.com.tr\/index.php\/wp-json\/wp\/v2\/pages\/11419\/revisions"}],"predecessor-version":[{"id":987730,"href":"https:\/\/zamanplastik.com.tr\/index.php\/wp-json\/wp\/v2\/pages\/11419\/revisions\/987730"}],"wp:attachment":[{"href":"https:\/\/zamanplastik.com.tr\/index.php\/wp-json\/wp\/v2\/media?parent=11419"}],"curies":[{"name":"wp","href":"https:\/\/api.w.org\/{rel}","templated":true}]}}