{"id":17538,"date":"2023-09-30T17:01:52","date_gmt":"2023-09-30T14:01:52","guid":{"rendered":"https:\/\/zamanplastik.com.tr\/?page_id=17538"},"modified":"2023-10-01T19:57:59","modified_gmt":"2023-10-01T16:57:59","slug":"elektrik-ve-su-borulari","status":"publish","type":"page","link":"https:\/\/zamanplastik.com.tr\/index.php\/products-solutions\/elektrik-ve-su-borulari\/","title":{"rendered":"Elektrik ve Su Borular\u0131"},"content":{"rendered":"<div class=\"vgblk-rw-wrapper limit-wrapper\">\n<h2>\n\tElektrik ve Su Borular\u0131 <br \/><strong>\u00dcr\u00fcnleri<\/strong>\n\t<\/h2>\n\t\t\t\t\t\t\t<img decoding=\"async\" loading=\"lazy\" src=\"https:\/\/zamanplastik.com.tr\/wp-content\/uploads\/2023\/09\/1-1.jpg\" alt=\"1\" itemprop=\"image\" height=\"400\" width=\"400\" title=\"1\" onerror=\"this.style.display='none'\"  sizes=\"auto, (max-width: 768px) 100vw, 100vw\" srcset=\"https:\/\/zamanplastik.com.tr\/wp-content\/uploads\/2023\/09\/1-1.jpg 400w, https:\/\/zamanplastik.com.tr\/wp-content\/uploads\/2023\/09\/1-1-300x300.jpg 300w, https:\/\/zamanplastik.com.tr\/wp-content\/uploads\/2023\/09\/1-1-150x150.jpg 150w, https:\/\/zamanplastik.com.tr\/wp-content\/uploads\/2023\/09\/1-1-350x350.jpg 350w, https:\/\/zamanplastik.com.tr\/wp-content\/uploads\/2023\/09\/1-1-100x100.jpg 100w\" \/>\t\t\t\t\t\t\t\n<h4>\n\t\t\t<a href=\"https:\/\/zamanplastik.com.tr\/index.php\/ekonomik-seri-6-atu-halogen-free-kangal-elektrik-borulari\/\" title=\"Ekonomik Seri (6 At\u00fc) Halogen Free Kangal Elektrik Borular\u0131\" target=\"_self\" rel=\"noopener\">\n\tEkonomik Seri (6 At\u00fc) Halogen Free Kangal Elektrik Borular\u0131\n\t\t\t<\/a>\n\t<\/h4>\n\t\t\t\t\t\t\t<img decoding=\"async\" loading=\"lazy\" src=\"https:\/\/zamanplastik.com.tr\/wp-content\/uploads\/2023\/09\/1-1.jpg\" alt=\"1\" itemprop=\"image\" height=\"400\" width=\"400\" title=\"1\" onerror=\"this.style.display='none'\"  sizes=\"auto, (max-width: 768px) 100vw, 100vw\" srcset=\"https:\/\/zamanplastik.com.tr\/wp-content\/uploads\/2023\/09\/1-1.jpg 400w, https:\/\/zamanplastik.com.tr\/wp-content\/uploads\/2023\/09\/1-1-300x300.jpg 300w, https:\/\/zamanplastik.com.tr\/wp-content\/uploads\/2023\/09\/1-1-150x150.jpg 150w, https:\/\/zamanplastik.com.tr\/wp-content\/uploads\/2023\/09\/1-1-350x350.jpg 350w, https:\/\/zamanplastik.com.tr\/wp-content\/uploads\/2023\/09\/1-1-100x100.jpg 100w\" \/>\t\t\t\t\t\t\t\n<h4>\n\t\t\t<a href=\"https:\/\/zamanplastik.com.tr\/index.php\/orta-seri-10-atu-halogen-free-kangal-elektrik-borulari\/\" title=\"Orta Seri (10 At\u00fc) Halogen Free Kangal Elektrik Borular\u0131\" target=\"_self\" rel=\"noopener\">\n\tOrta Seri (10 At\u00fc) Halogen Free Kangal Elektrik Borular\u0131\n\t\t\t<\/a>\n\t<\/h4>\n\t\t\t\t\t\t\t<img decoding=\"async\" loading=\"lazy\" src=\"https:\/\/zamanplastik.com.tr\/wp-content\/uploads\/2023\/09\/2-1.jpg\" alt=\"2\" itemprop=\"image\" height=\"400\" width=\"400\" title=\"2\" onerror=\"this.style.display='none'\"  sizes=\"auto, (max-width: 768px) 100vw, 100vw\" srcset=\"https:\/\/zamanplastik.com.tr\/wp-content\/uploads\/2023\/09\/2-1.jpg 400w, https:\/\/zamanplastik.com.tr\/wp-content\/uploads\/2023\/09\/2-1-300x300.jpg 300w, https:\/\/zamanplastik.com.tr\/wp-content\/uploads\/2023\/09\/2-1-150x150.jpg 150w, https:\/\/zamanplastik.com.tr\/wp-content\/uploads\/2023\/09\/2-1-350x350.jpg 350w, https:\/\/zamanplastik.com.tr\/wp-content\/uploads\/2023\/09\/2-1-100x100.jpg 100w\" \/>\t\t\t\t\t\t\t\n<h4>\n\t\t\t<a href=\"https:\/\/zamanplastik.com.tr\/index.php\/ekonomik-seri-6-atu-kangal-elektrik-borulari\/\" title=\"Ekonomik Seri (6 At\u00fc) Kangal Elektrik Borular\u0131\" target=\"_self\" rel=\"noopener\">\n\tEkonomik Seri (6 At\u00fc) Kangal Elektrik Borular\u0131\n\t\t\t<\/a>\n\t<\/h4>\n\t\t\t\t\t\t\t<img decoding=\"async\" loading=\"lazy\" src=\"https:\/\/zamanplastik.com.tr\/wp-content\/uploads\/2023\/09\/2-1.jpg\" alt=\"2\" itemprop=\"image\" height=\"400\" width=\"400\" title=\"2\" onerror=\"this.style.display='none'\"  sizes=\"auto, (max-width: 768px) 100vw, 100vw\" srcset=\"https:\/\/zamanplastik.com.tr\/wp-content\/uploads\/2023\/09\/2-1.jpg 400w, https:\/\/zamanplastik.com.tr\/wp-content\/uploads\/2023\/09\/2-1-300x300.jpg 300w, https:\/\/zamanplastik.com.tr\/wp-content\/uploads\/2023\/09\/2-1-150x150.jpg 150w, https:\/\/zamanplastik.com.tr\/wp-content\/uploads\/2023\/09\/2-1-350x350.jpg 350w, https:\/\/zamanplastik.com.tr\/wp-content\/uploads\/2023\/09\/2-1-100x100.jpg 100w\" \/>\t\t\t\t\t\t\t\n<h4>\n\t\t\t<a href=\"https:\/\/zamanplastik.com.tr\/index.php\/orta-seri-10-atu-kangal-elektrik-borulari\/\" title=\"Orta Seri (10 At\u00fc) Kangal Elektrik Borular\u0131\" target=\"_self\" rel=\"noopener\">\n\tOrta Seri (10 At\u00fc) Kangal Elektrik Borular\u0131\n\t\t\t<\/a>\n\t<\/h4>\n\t\t\t\t\t\t\t<img decoding=\"async\" loading=\"lazy\" src=\"https:\/\/zamanplastik.com.tr\/wp-content\/uploads\/2023\/09\/3-1.jpg\" alt=\"3\" itemprop=\"image\" height=\"400\" width=\"400\" title=\"3\" onerror=\"this.style.display='none'\"  sizes=\"auto, (max-width: 768px) 100vw, 100vw\" srcset=\"https:\/\/zamanplastik.com.tr\/wp-content\/uploads\/2023\/09\/3-1.jpg 400w, https:\/\/zamanplastik.com.tr\/wp-content\/uploads\/2023\/09\/3-1-300x300.jpg 300w, https:\/\/zamanplastik.com.tr\/wp-content\/uploads\/2023\/09\/3-1-150x150.jpg 150w, https:\/\/zamanplastik.com.tr\/wp-content\/uploads\/2023\/09\/3-1-350x350.jpg 350w, https:\/\/zamanplastik.com.tr\/wp-content\/uploads\/2023\/09\/3-1-100x100.jpg 100w\" \/>\t\t\t\t\t\t\t\n<h4>\n\t\t\t<a href=\"https:\/\/zamanplastik.com.tr\/index.php\/ekonomik-seri-6-atu-duz-elektrik-borulari\/\" title=\"Ekonomik Seri (6 At\u00fc) D\u00fcz Elektrik Borular\u0131\" target=\"_self\" rel=\"noopener\">\n\tEkonomik Seri (6 At\u00fc) D\u00fcz Elektrik Borular\u0131\n\t\t\t<\/a>\n\t<\/h4>\n\t\t\t\t\t\t\t<img decoding=\"async\" loading=\"lazy\" src=\"https:\/\/zamanplastik.com.tr\/wp-content\/uploads\/2023\/09\/4-1.jpg\" alt=\"4\" itemprop=\"image\" height=\"400\" width=\"400\" title=\"4\" onerror=\"this.style.display='none'\"  sizes=\"auto, (max-width: 768px) 100vw, 100vw\" srcset=\"https:\/\/zamanplastik.com.tr\/wp-content\/uploads\/2023\/09\/4-1.jpg 400w, https:\/\/zamanplastik.com.tr\/wp-content\/uploads\/2023\/09\/4-1-300x300.jpg 300w, https:\/\/zamanplastik.com.tr\/wp-content\/uploads\/2023\/09\/4-1-150x150.jpg 150w, https:\/\/zamanplastik.com.tr\/wp-content\/uploads\/2023\/09\/4-1-350x350.jpg 350w, https:\/\/zamanplastik.com.tr\/wp-content\/uploads\/2023\/09\/4-1-100x100.jpg 100w\" \/>\t\t\t\t\t\t\t\n<h4>\n\t\t\t<a href=\"https:\/\/zamanplastik.com.tr\/index.php\/ekonomik-seri-6-atu-halogen-free-duz-elektrik-borulari\/\" title=\"Ekonomik Seri (6 At\u00fc) Halogen Free D\u00fcz Elektrik Borular\u0131\" target=\"_self\" rel=\"noopener\">\n\tEkonomik Seri (6 At\u00fc) Halogen Free D\u00fcz Elektrik Borular\u0131\n\t\t\t<\/a>\n\t<\/h4>\n\t\t\t\t\t\t\t<img decoding=\"async\" loading=\"lazy\" src=\"https:\/\/zamanplastik.com.tr\/wp-content\/uploads\/2023\/09\/5-1.jpg\" alt=\"5\" itemprop=\"image\" height=\"400\" width=\"400\" title=\"5\" onerror=\"this.style.display='none'\"  sizes=\"auto, (max-width: 768px) 100vw, 100vw\" srcset=\"https:\/\/zamanplastik.com.tr\/wp-content\/uploads\/2023\/09\/5-1.jpg 400w, https:\/\/zamanplastik.com.tr\/wp-content\/uploads\/2023\/09\/5-1-300x300.jpg 300w, https:\/\/zamanplastik.com.tr\/wp-content\/uploads\/2023\/09\/5-1-150x150.jpg 150w, https:\/\/zamanplastik.com.tr\/wp-content\/uploads\/2023\/09\/5-1-350x350.jpg 350w, https:\/\/zamanplastik.com.tr\/wp-content\/uploads\/2023\/09\/5-1-100x100.jpg 100w\" \/>\t\t\t\t\t\t\t\n<h4>\n\t\t\t<a href=\"https:\/\/zamanplastik.com.tr\/index.php\/ekonomik-seri-10-atu-kangal-su-borulari\/\" title=\"Ekonomik Seri (10 At\u00fc) Kangal Su Borular\u0131\" target=\"_self\" rel=\"noopener\">\n\tEkonomik Seri (10 At\u00fc) Kangal Su Borular\u0131\n\t\t\t<\/a>\n\t<\/h4>\n\t\t\t\t\t\t\t<img decoding=\"async\" loading=\"lazy\" src=\"https:\/\/zamanplastik.com.tr\/wp-content\/uploads\/2023\/09\/5-1.jpg\" alt=\"5\" itemprop=\"image\" height=\"400\" width=\"400\" title=\"5\" onerror=\"this.style.display='none'\"  sizes=\"auto, (max-width: 768px) 100vw, 100vw\" srcset=\"https:\/\/zamanplastik.com.tr\/wp-content\/uploads\/2023\/09\/5-1.jpg 400w, https:\/\/zamanplastik.com.tr\/wp-content\/uploads\/2023\/09\/5-1-300x300.jpg 300w, https:\/\/zamanplastik.com.tr\/wp-content\/uploads\/2023\/09\/5-1-150x150.jpg 150w, https:\/\/zamanplastik.com.tr\/wp-content\/uploads\/2023\/09\/5-1-350x350.jpg 350w, https:\/\/zamanplastik.com.tr\/wp-content\/uploads\/2023\/09\/5-1-100x100.jpg 100w\" \/>\t\t\t\t\t\t\t\n<h4>\n\t\t\t<a href=\"https:\/\/zamanplastik.com.tr\/index.php\/orta-seri-16-atu-kangal-su-borulari\/\" title=\"Orta Seri (16 At\u00fc) Kangal Su Borular\u0131\" target=\"_self\" rel=\"noopener\">\n\tOrta Seri (16 At\u00fc) Kangal Su Borular\u0131\n\t\t\t<\/a>\n\t<\/h4>\n\n<\/div><!-- .vgblk-rw-wrapper -->","protected":false},"excerpt":{"rendered":"<p>Elektrik ve Su Borular\u0131 \u00dcr\u00fcnleri Ekonomik Seri (6 At\u00fc) Halogen Free Kangal Elektrik Borular\u0131 Orta Seri (10 At\u00fc) Halogen Free Kangal Elektrik Borular\u0131 Ekonomik Seri (6 At\u00fc) Kangal Elektrik Borular\u0131 Orta Seri (10 At\u00fc) Kangal Elektrik Borular\u0131 Ekonomik Seri (6 At\u00fc) D\u00fcz Elektrik Borular\u0131 Ekonomik Seri (6 At\u00fc) Halogen Free D\u00fcz Elektrik Borular\u0131 Ekonomik Seri&#8230;<\/p>\n","protected":false},"author":1,"featured_media":0,"parent":13334,"menu_order":0,"comment_status":"closed","ping_status":"closed","template":"","meta":{"inline_featured_image":false,"footnotes":""},"class_list":["post-17538","page","type-page","status-publish","hentry"],"jetpack_sharing_enabled":true,"_links":{"self":[{"href":"https:\/\/zamanplastik.com.tr\/index.php\/wp-json\/wp\/v2\/pages\/17538","targetHints":{"allow":["GET"]}}],"collection":[{"href":"https:\/\/zamanplastik.com.tr\/index.php\/wp-json\/wp\/v2\/pages"}],"about":[{"href":"https:\/\/zamanplastik.com.tr\/index.php\/wp-json\/wp\/v2\/types\/page"}],"author":[{"embeddable":true,"href":"https:\/\/zamanplastik.com.tr\/index.php\/wp-json\/wp\/v2\/users\/1"}],"replies":[{"embeddable":true,"href":"https:\/\/zamanplastik.com.tr\/index.php\/wp-json\/wp\/v2\/comments?post=17538"}],"version-history":[{"count":9,"href":"https:\/\/zamanplastik.com.tr\/index.php\/wp-json\/wp\/v2\/pages\/17538\/revisions"}],"predecessor-version":[{"id":17762,"href":"https:\/\/zamanplastik.com.tr\/index.php\/wp-json\/wp\/v2\/pages\/17538\/revisions\/17762"}],"up":[{"embeddable":true,"href":"https:\/\/zamanplastik.com.tr\/index.php\/wp-json\/wp\/v2\/pages\/13334"}],"wp:attachment":[{"href":"https:\/\/zamanplastik.com.tr\/index.php\/wp-json\/wp\/v2\/media?parent=17538"}],"curies":[{"name":"wp","href":"https:\/\/api.w.org\/{rel}","templated":true}]}}