{"id":17564,"date":"2023-09-30T17:40:22","date_gmt":"2023-09-30T14:40:22","guid":{"rendered":"https:\/\/zamanplastik.com.tr\/?page_id=17564"},"modified":"2023-10-01T14:19:04","modified_gmt":"2023-10-01T11:19:04","slug":"yeni-nesil-gecmeli-kasa","status":"publish","type":"page","link":"https:\/\/zamanplastik.com.tr\/index.php\/yeni-nesil-gecmeli-kasa\/","title":{"rendered":"Yeni Nesil Ge\u00e7meli Kasa"},"content":{"rendered":"<div class=\"vgblk-rw-wrapper limit-wrapper\">\n\n\t\t\t\t\t\t\t<img decoding=\"async\" loading=\"lazy\" src=\"https:\/\/zamanplastik.com.tr\/wp-content\/uploads\/2023\/09\/5.jpg\" alt=\"5\" itemprop=\"image\" height=\"400\" width=\"400\" title=\"5\" onerror=\"this.style.display='none'\"  sizes=\"auto, (max-width: 768px) 100vw, 100vw\" srcset=\"https:\/\/zamanplastik.com.tr\/wp-content\/uploads\/2023\/09\/5.jpg 400w, https:\/\/zamanplastik.com.tr\/wp-content\/uploads\/2023\/09\/5-300x300.jpg 300w, https:\/\/zamanplastik.com.tr\/wp-content\/uploads\/2023\/09\/5-150x150.jpg 150w, https:\/\/zamanplastik.com.tr\/wp-content\/uploads\/2023\/09\/5-350x350.jpg 350w, https:\/\/zamanplastik.com.tr\/wp-content\/uploads\/2023\/09\/5-100x100.jpg 100w\" \/>\t\t\t\t\t\t\t\n<h1>\n\t\tYeni Nesil Ge\u00e7meli Kasa\n\t<\/h1>\n\t<p><strong>A\u00e7\u0131klama:<\/strong> Priz, anahtar priz, sat priz, sens\u00f6r vb. \u00fcr\u00fcnlerin enerji b\u00f6lgelerinin gizlenmesi ve \u00fcr\u00fcnlerin y\u00fczeye montaj\u0131n\u0131 sa\u011flamakla birlikte kilit sistemi sayesinde birden fazla \u00fcr\u00fcn\u00fcn yan yan ve \u00fcr\u00fcnler aras\u0131 s\u0131va alt\u0131 kablo ge\u00e7i\u015fleri sa\u011flamaktad\u0131r.<\/p>\n\t\t\t\t\t\t\t<img decoding=\"async\" loading=\"lazy\" src=\"https:\/\/zamanplastik.com.tr\/wp-content\/uploads\/2023\/09\/Ekran-Resmi-2023-09-30-17.39.36.png\" alt=\"Ekran Resmi 2023-09-30 17.39.36\" itemprop=\"image\" height=\"286\" width=\"1174\" title=\"Ekran Resmi 2023-09-30 17.39.36\" onerror=\"this.style.display='none'\"  sizes=\"auto, (max-width: 768px) 100vw, 100vw\" srcset=\"https:\/\/zamanplastik.com.tr\/wp-content\/uploads\/2023\/09\/Ekran-Resmi-2023-09-30-17.39.36.png 1174w, https:\/\/zamanplastik.com.tr\/wp-content\/uploads\/2023\/09\/Ekran-Resmi-2023-09-30-17.39.36-300x73.png 300w, https:\/\/zamanplastik.com.tr\/wp-content\/uploads\/2023\/09\/Ekran-Resmi-2023-09-30-17.39.36-1024x249.png 1024w, https:\/\/zamanplastik.com.tr\/wp-content\/uploads\/2023\/09\/Ekran-Resmi-2023-09-30-17.39.36-768x187.png 768w, https:\/\/zamanplastik.com.tr\/wp-content\/uploads\/2023\/09\/Ekran-Resmi-2023-09-30-17.39.36-700x171.png 700w, https:\/\/zamanplastik.com.tr\/wp-content\/uploads\/2023\/09\/Ekran-Resmi-2023-09-30-17.39.36-466x114.png 466w, https:\/\/zamanplastik.com.tr\/wp-content\/uploads\/2023\/09\/Ekran-Resmi-2023-09-30-17.39.36-933x227.png 933w, https:\/\/zamanplastik.com.tr\/wp-content\/uploads\/2023\/09\/Ekran-Resmi-2023-09-30-17.39.36-350x85.png 350w\" \/>\t\t\t\t\t\t\t\n\t<a href=\"https:\/\/zamanplastik.com.tr\/index.php\/fiyat-teklif-formu\/\" target=\"_self\" role=\"button\" rel=\"noopener\">\n\t\t\t\t\tTeklif Al\n\t<\/a>\n\n<\/div><!-- .vgblk-rw-wrapper -->","protected":false},"excerpt":{"rendered":"<p>Yeni Nesil Ge\u00e7meli Kasa A\u00e7\u0131klama: Priz, anahtar priz, sat priz, sens\u00f6r vb. \u00fcr\u00fcnlerin enerji b\u00f6lgelerinin gizlenmesi ve \u00fcr\u00fcnlerin y\u00fczeye montaj\u0131n\u0131 sa\u011flamakla birlikte kilit sistemi sayesinde birden fazla \u00fcr\u00fcn\u00fcn yan yan ve \u00fcr\u00fcnler aras\u0131 s\u0131va alt\u0131 kablo ge\u00e7i\u015fleri sa\u011flamaktad\u0131r. Teklif Al<\/p>\n","protected":false},"author":1,"featured_media":0,"parent":0,"menu_order":0,"comment_status":"closed","ping_status":"closed","template":"","meta":{"inline_featured_image":false,"footnotes":""},"class_list":["post-17564","page","type-page","status-publish","hentry"],"jetpack_sharing_enabled":true,"_links":{"self":[{"href":"https:\/\/zamanplastik.com.tr\/index.php\/wp-json\/wp\/v2\/pages\/17564","targetHints":{"allow":["GET"]}}],"collection":[{"href":"https:\/\/zamanplastik.com.tr\/index.php\/wp-json\/wp\/v2\/pages"}],"about":[{"href":"https:\/\/zamanplastik.com.tr\/index.php\/wp-json\/wp\/v2\/types\/page"}],"author":[{"embeddable":true,"href":"https:\/\/zamanplastik.com.tr\/index.php\/wp-json\/wp\/v2\/users\/1"}],"replies":[{"embeddable":true,"href":"https:\/\/zamanplastik.com.tr\/index.php\/wp-json\/wp\/v2\/comments?post=17564"}],"version-history":[{"count":3,"href":"https:\/\/zamanplastik.com.tr\/index.php\/wp-json\/wp\/v2\/pages\/17564\/revisions"}],"predecessor-version":[{"id":17699,"href":"https:\/\/zamanplastik.com.tr\/index.php\/wp-json\/wp\/v2\/pages\/17564\/revisions\/17699"}],"wp:attachment":[{"href":"https:\/\/zamanplastik.com.tr\/index.php\/wp-json\/wp\/v2\/media?parent=17564"}],"curies":[{"name":"wp","href":"https:\/\/api.w.org\/{rel}","templated":true}]}}