{"id":17590,"date":"2023-09-30T18:03:41","date_gmt":"2023-09-30T15:03:41","guid":{"rendered":"https:\/\/zamanplastik.com.tr\/?page_id=17590"},"modified":"2023-10-01T14:23:46","modified_gmt":"2023-10-01T11:23:46","slug":"lux-buat-kapagi","status":"publish","type":"page","link":"https:\/\/zamanplastik.com.tr\/index.php\/lux-buat-kapagi\/","title":{"rendered":"L\u00fcx Buat Kapa\u011f\u0131"},"content":{"rendered":"<div class=\"vgblk-rw-wrapper limit-wrapper\">\n\n\t\t\t\t\t\t\t<img decoding=\"async\" loading=\"lazy\" src=\"https:\/\/zamanplastik.com.tr\/wp-content\/uploads\/2023\/09\/11.jpg\" alt=\"11\" itemprop=\"image\" height=\"400\" width=\"400\" title=\"11\" onerror=\"this.style.display='none'\"  sizes=\"auto, (max-width: 768px) 100vw, 100vw\" srcset=\"https:\/\/zamanplastik.com.tr\/wp-content\/uploads\/2023\/09\/11.jpg 400w, https:\/\/zamanplastik.com.tr\/wp-content\/uploads\/2023\/09\/11-300x300.jpg 300w, https:\/\/zamanplastik.com.tr\/wp-content\/uploads\/2023\/09\/11-150x150.jpg 150w, https:\/\/zamanplastik.com.tr\/wp-content\/uploads\/2023\/09\/11-350x350.jpg 350w, https:\/\/zamanplastik.com.tr\/wp-content\/uploads\/2023\/09\/11-100x100.jpg 100w\" \/>\t\t\t\t\t\t\t\n<h1>\n\t\tL\u00fcx Buat Kapa\u011f\u0131\n\t<\/h1>\n\t<p><strong>A\u00e7\u0131klama:<\/strong> Kablo toplama ve da\u011f\u0131t\u0131m alanlar\u0131 vb. b\u00f6l\u00fcmlerin gizlenmesi ve k\u00f6t\u00fc g\u00f6r\u00fcnt\u00fcn\u00fcn ortadan kald\u0131r\u0131lmas\u0131 i\u00e7in kullan\u0131l\u0131r<\/p>\n\t\t\t\t\t\t\t<img decoding=\"async\" loading=\"lazy\" src=\"https:\/\/zamanplastik.com.tr\/wp-content\/uploads\/2023\/09\/Ekran-Resmi-2023-09-30-18.03.07.png\" alt=\"Ekran Resmi 2023-09-30 18.03.07\" itemprop=\"image\" height=\"306\" width=\"1176\" title=\"Ekran Resmi 2023-09-30 18.03.07\" onerror=\"this.style.display='none'\"  sizes=\"auto, (max-width: 768px) 100vw, 100vw\" srcset=\"https:\/\/zamanplastik.com.tr\/wp-content\/uploads\/2023\/09\/Ekran-Resmi-2023-09-30-18.03.07.png 1176w, https:\/\/zamanplastik.com.tr\/wp-content\/uploads\/2023\/09\/Ekran-Resmi-2023-09-30-18.03.07-300x78.png 300w, https:\/\/zamanplastik.com.tr\/wp-content\/uploads\/2023\/09\/Ekran-Resmi-2023-09-30-18.03.07-1024x266.png 1024w, https:\/\/zamanplastik.com.tr\/wp-content\/uploads\/2023\/09\/Ekran-Resmi-2023-09-30-18.03.07-768x200.png 768w, https:\/\/zamanplastik.com.tr\/wp-content\/uploads\/2023\/09\/Ekran-Resmi-2023-09-30-18.03.07-700x182.png 700w, https:\/\/zamanplastik.com.tr\/wp-content\/uploads\/2023\/09\/Ekran-Resmi-2023-09-30-18.03.07-466x121.png 466w, https:\/\/zamanplastik.com.tr\/wp-content\/uploads\/2023\/09\/Ekran-Resmi-2023-09-30-18.03.07-933x243.png 933w, https:\/\/zamanplastik.com.tr\/wp-content\/uploads\/2023\/09\/Ekran-Resmi-2023-09-30-18.03.07-350x91.png 350w\" \/>\t\t\t\t\t\t\t\n\t<a href=\"https:\/\/zamanplastik.com.tr\/index.php\/fiyat-teklif-formu\/\" target=\"_self\" role=\"button\" rel=\"noopener\">\n\t\t\t\t\tTeklif Al\n\t<\/a>\n\n<\/div><!-- .vgblk-rw-wrapper -->","protected":false},"excerpt":{"rendered":"<p>L\u00fcx Buat Kapa\u011f\u0131 A\u00e7\u0131klama: Kablo toplama ve da\u011f\u0131t\u0131m alanlar\u0131 vb. b\u00f6l\u00fcmlerin gizlenmesi ve k\u00f6t\u00fc g\u00f6r\u00fcnt\u00fcn\u00fcn ortadan kald\u0131r\u0131lmas\u0131 i\u00e7in kullan\u0131l\u0131r Teklif Al<\/p>\n","protected":false},"author":1,"featured_media":0,"parent":0,"menu_order":0,"comment_status":"closed","ping_status":"closed","template":"","meta":{"inline_featured_image":false,"footnotes":""},"class_list":["post-17590","page","type-page","status-publish","hentry"],"jetpack_sharing_enabled":true,"_links":{"self":[{"href":"https:\/\/zamanplastik.com.tr\/index.php\/wp-json\/wp\/v2\/pages\/17590","targetHints":{"allow":["GET"]}}],"collection":[{"href":"https:\/\/zamanplastik.com.tr\/index.php\/wp-json\/wp\/v2\/pages"}],"about":[{"href":"https:\/\/zamanplastik.com.tr\/index.php\/wp-json\/wp\/v2\/types\/page"}],"author":[{"embeddable":true,"href":"https:\/\/zamanplastik.com.tr\/index.php\/wp-json\/wp\/v2\/users\/1"}],"replies":[{"embeddable":true,"href":"https:\/\/zamanplastik.com.tr\/index.php\/wp-json\/wp\/v2\/comments?post=17590"}],"version-history":[{"count":3,"href":"https:\/\/zamanplastik.com.tr\/index.php\/wp-json\/wp\/v2\/pages\/17590\/revisions"}],"predecessor-version":[{"id":17705,"href":"https:\/\/zamanplastik.com.tr\/index.php\/wp-json\/wp\/v2\/pages\/17590\/revisions\/17705"}],"wp:attachment":[{"href":"https:\/\/zamanplastik.com.tr\/index.php\/wp-json\/wp\/v2\/media?parent=17590"}],"curies":[{"name":"wp","href":"https:\/\/api.w.org\/{rel}","templated":true}]}}